{"id":18744,"date":"2023-05-26T06:29:07","date_gmt":"2023-05-26T04:29:07","guid":{"rendered":"https:\/\/kls-neuruppin.de\/wordpress\/?page_id=18744"},"modified":"2023-05-26T06:32:56","modified_gmt":"2023-05-26T04:32:56","slug":"geschichte","status":"publish","type":"page","link":"https:\/\/kls-neuruppin.de\/wordpress\/geschichte\/","title":{"rendered":"Geschichte"},"content":{"rendered":"\n<p>..:: zum Vergr\u00f6\u00dfern bitte auf das jeweilige Bild klicken &#8211; es \u00f6ffnet sich dann eine pdf-Datei ::..<\/p>\n\n\n\n<figure class=\"wp-block-image size-large is-resized\"><a href=\"https:\/\/kls-neuruppin.de\/wordpress\/wp-content\/uploads\/2023\/05\/Plakat1.pdf\"><img fetchpriority=\"high\" decoding=\"async\" src=\"https:\/\/kls-neuruppin.de\/wordpress\/wp-content\/uploads\/2023\/05\/Plakat_1-1024x719.png\" alt=\"\" class=\"wp-image-18754\" width=\"655\" height=\"459\" srcset=\"https:\/\/kls-neuruppin.de\/wordpress\/wp-content\/uploads\/2023\/05\/Plakat_1-1024x719.png 1024w, https:\/\/kls-neuruppin.de\/wordpress\/wp-content\/uploads\/2023\/05\/Plakat_1-300x211.png 300w, https:\/\/kls-neuruppin.de\/wordpress\/wp-content\/uploads\/2023\/05\/Plakat_1-768x539.png 768w, https:\/\/kls-neuruppin.de\/wordpress\/wp-content\/uploads\/2023\/05\/Plakat_1-1536x1078.png 1536w, https:\/\/kls-neuruppin.de\/wordpress\/wp-content\/uploads\/2023\/05\/Plakat_1-2048x1438.png 2048w, https:\/\/kls-neuruppin.de\/wordpress\/wp-content\/uploads\/2023\/05\/Plakat_1-624x438.png 624w\" sizes=\"(max-width: 655px) 100vw, 655px\" \/><\/a><\/figure>\n\n\n\n<figure class=\"wp-block-image size-large is-resized\"><a href=\"https:\/\/kls-neuruppin.de\/wordpress\/wp-content\/uploads\/2023\/05\/Plakat2.pdf\"><img decoding=\"async\" src=\"https:\/\/kls-neuruppin.de\/wordpress\/wp-content\/uploads\/2023\/05\/Plakat_2-1024x720.png\" alt=\"\" class=\"wp-image-18762\" width=\"655\" height=\"460\" srcset=\"https:\/\/kls-neuruppin.de\/wordpress\/wp-content\/uploads\/2023\/05\/Plakat_2-1024x720.png 1024w, https:\/\/kls-neuruppin.de\/wordpress\/wp-content\/uploads\/2023\/05\/Plakat_2-300x211.png 300w, https:\/\/kls-neuruppin.de\/wordpress\/wp-content\/uploads\/2023\/05\/Plakat_2-768x540.png 768w, https:\/\/kls-neuruppin.de\/wordpress\/wp-content\/uploads\/2023\/05\/Plakat_2-1536x1080.png 1536w, https:\/\/kls-neuruppin.de\/wordpress\/wp-content\/uploads\/2023\/05\/Plakat_2-2048x1441.png 2048w, https:\/\/kls-neuruppin.de\/wordpress\/wp-content\/uploads\/2023\/05\/Plakat_2-624x439.png 624w\" sizes=\"(max-width: 655px) 100vw, 655px\" \/><\/a><\/figure>\n\n\n\n<figure class=\"wp-block-image size-large is-resized\"><a href=\"https:\/\/kls-neuruppin.de\/wordpress\/wp-content\/uploads\/2023\/05\/Plakat3.pdf\"><img decoding=\"async\" src=\"https:\/\/kls-neuruppin.de\/wordpress\/wp-content\/uploads\/2023\/05\/Plakat_3-1024x721.png\" alt=\"\" class=\"wp-image-18761\" width=\"655\" height=\"461\" srcset=\"https:\/\/kls-neuruppin.de\/wordpress\/wp-content\/uploads\/2023\/05\/Plakat_3-1024x721.png 1024w, https:\/\/kls-neuruppin.de\/wordpress\/wp-content\/uploads\/2023\/05\/Plakat_3-300x211.png 300w, https:\/\/kls-neuruppin.de\/wordpress\/wp-content\/uploads\/2023\/05\/Plakat_3-768x541.png 768w, https:\/\/kls-neuruppin.de\/wordpress\/wp-content\/uploads\/2023\/05\/Plakat_3-1536x1082.png 1536w, https:\/\/kls-neuruppin.de\/wordpress\/wp-content\/uploads\/2023\/05\/Plakat_3-2048x1442.png 2048w, https:\/\/kls-neuruppin.de\/wordpress\/wp-content\/uploads\/2023\/05\/Plakat_3-624x439.png 624w\" sizes=\"(max-width: 655px) 100vw, 655px\" \/><\/a><\/figure>\n\n\n\n<figure class=\"wp-block-image size-large is-resized\"><a href=\"https:\/\/kls-neuruppin.de\/wordpress\/wp-content\/uploads\/2023\/05\/Plakat4.pdf\"><img loading=\"lazy\" decoding=\"async\" src=\"https:\/\/kls-neuruppin.de\/wordpress\/wp-content\/uploads\/2023\/05\/Plakat_4-1024x719.png\" alt=\"\" class=\"wp-image-18760\" width=\"655\" height=\"459\" srcset=\"https:\/\/kls-neuruppin.de\/wordpress\/wp-content\/uploads\/2023\/05\/Plakat_4-1024x719.png 1024w, https:\/\/kls-neuruppin.de\/wordpress\/wp-content\/uploads\/2023\/05\/Plakat_4-300x211.png 300w, https:\/\/kls-neuruppin.de\/wordpress\/wp-content\/uploads\/2023\/05\/Plakat_4-1536x1079.png 1536w, https:\/\/kls-neuruppin.de\/wordpress\/wp-content\/uploads\/2023\/05\/Plakat_4-2048x1439.png 2048w, https:\/\/kls-neuruppin.de\/wordpress\/wp-content\/uploads\/2023\/05\/Plakat_4-624x438.png 624w\" sizes=\"(max-width: 655px) 100vw, 655px\" \/><\/a><\/figure>\n\n\n\n<figure class=\"wp-block-image size-large is-resized\"><a href=\"https:\/\/kls-neuruppin.de\/wordpress\/wp-content\/uploads\/2023\/05\/Plakat5.pdf\"><img loading=\"lazy\" decoding=\"async\" src=\"https:\/\/kls-neuruppin.de\/wordpress\/wp-content\/uploads\/2023\/05\/Plakat_5-1024x723.png\" alt=\"\" class=\"wp-image-18759\" width=\"655\" height=\"462\" srcset=\"https:\/\/kls-neuruppin.de\/wordpress\/wp-content\/uploads\/2023\/05\/Plakat_5-1024x723.png 1024w, https:\/\/kls-neuruppin.de\/wordpress\/wp-content\/uploads\/2023\/05\/Plakat_5-300x212.png 300w, https:\/\/kls-neuruppin.de\/wordpress\/wp-content\/uploads\/2023\/05\/Plakat_5-768x542.png 768w, https:\/\/kls-neuruppin.de\/wordpress\/wp-content\/uploads\/2023\/05\/Plakat_5-1536x1084.png 1536w, https:\/\/kls-neuruppin.de\/wordpress\/wp-content\/uploads\/2023\/05\/Plakat_5-2048x1446.png 2048w, https:\/\/kls-neuruppin.de\/wordpress\/wp-content\/uploads\/2023\/05\/Plakat_5-624x441.png 624w\" sizes=\"(max-width: 655px) 100vw, 655px\" \/><\/a><\/figure>\n\n\n\n<figure class=\"wp-block-image size-full\"><a href=\"https:\/\/kls-neuruppin.de\/wordpress\/wp-content\/uploads\/2023\/05\/Plakat6.pdf\"><img loading=\"lazy\" decoding=\"async\" width=\"2399\" height=\"1694\" src=\"https:\/\/kls-neuruppin.de\/wordpress\/wp-content\/uploads\/2023\/05\/Plakat_6.png\" alt=\"\" class=\"wp-image-18758\"\/><\/a><\/figure>\n\n\n\n<figure class=\"wp-block-image size-large is-resized\"><a href=\"https:\/\/kls-neuruppin.de\/wordpress\/wp-content\/uploads\/2023\/05\/Plakat7.pdf\"><img loading=\"lazy\" decoding=\"async\" src=\"https:\/\/kls-neuruppin.de\/wordpress\/wp-content\/uploads\/2023\/05\/Plakat_7-1024x722.png\" alt=\"\" class=\"wp-image-18757\" width=\"655\" height=\"461\" srcset=\"https:\/\/kls-neuruppin.de\/wordpress\/wp-content\/uploads\/2023\/05\/Plakat_7-1024x722.png 1024w, https:\/\/kls-neuruppin.de\/wordpress\/wp-content\/uploads\/2023\/05\/Plakat_7-300x212.png 300w, https:\/\/kls-neuruppin.de\/wordpress\/wp-content\/uploads\/2023\/05\/Plakat_7-768x542.png 768w, https:\/\/kls-neuruppin.de\/wordpress\/wp-content\/uploads\/2023\/05\/Plakat_7-1536x1083.png 1536w, https:\/\/kls-neuruppin.de\/wordpress\/wp-content\/uploads\/2023\/05\/Plakat_7-2048x1445.png 2048w, https:\/\/kls-neuruppin.de\/wordpress\/wp-content\/uploads\/2023\/05\/Plakat_7-624x440.png 624w\" sizes=\"(max-width: 655px) 100vw, 655px\" \/><\/a><\/figure>\n\n\n\n<figure class=\"wp-block-image size-large\"><a href=\"https:\/\/kls-neuruppin.de\/wordpress\/wp-content\/uploads\/2023\/05\/Plakat8.pdf\"><img loading=\"lazy\" decoding=\"async\" width=\"1024\" height=\"720\" src=\"https:\/\/kls-neuruppin.de\/wordpress\/wp-content\/uploads\/2023\/05\/Plakat_8-1024x720.png\" alt=\"\" class=\"wp-image-18756\" srcset=\"https:\/\/kls-neuruppin.de\/wordpress\/wp-content\/uploads\/2023\/05\/Plakat_8-1024x720.png 1024w, https:\/\/kls-neuruppin.de\/wordpress\/wp-content\/uploads\/2023\/05\/Plakat_8-300x211.png 300w, https:\/\/kls-neuruppin.de\/wordpress\/wp-content\/uploads\/2023\/05\/Plakat_8-768x540.png 768w, https:\/\/kls-neuruppin.de\/wordpress\/wp-content\/uploads\/2023\/05\/Plakat_8-1536x1080.png 1536w, https:\/\/kls-neuruppin.de\/wordpress\/wp-content\/uploads\/2023\/05\/Plakat_8-2048x1440.png 2048w, https:\/\/kls-neuruppin.de\/wordpress\/wp-content\/uploads\/2023\/05\/Plakat_8-624x439.png 624w\" sizes=\"(max-width: 1024px) 100vw, 1024px\" \/><\/a><\/figure>\n\n\n\n<figure class=\"wp-block-image size-large\"><a href=\"https:\/\/kls-neuruppin.de\/wordpress\/wp-content\/uploads\/2023\/05\/Plakat9.pdf\"><img loading=\"lazy\" decoding=\"async\" width=\"1024\" height=\"722\" src=\"https:\/\/kls-neuruppin.de\/wordpress\/wp-content\/uploads\/2023\/05\/Plakat_9-1024x722.png\" alt=\"\" class=\"wp-image-18755\" srcset=\"https:\/\/kls-neuruppin.de\/wordpress\/wp-content\/uploads\/2023\/05\/Plakat_9-1024x722.png 1024w, https:\/\/kls-neuruppin.de\/wordpress\/wp-content\/uploads\/2023\/05\/Plakat_9-300x211.png 300w, https:\/\/kls-neuruppin.de\/wordpress\/wp-content\/uploads\/2023\/05\/Plakat_9-768x541.png 768w, https:\/\/kls-neuruppin.de\/wordpress\/wp-content\/uploads\/2023\/05\/Plakat_9-1536x1082.png 1536w, https:\/\/kls-neuruppin.de\/wordpress\/wp-content\/uploads\/2023\/05\/Plakat_9-2048x1443.png 2048w, https:\/\/kls-neuruppin.de\/wordpress\/wp-content\/uploads\/2023\/05\/Plakat_9-624x440.png 624w\" sizes=\"(max-width: 1024px) 100vw, 1024px\" \/><\/a><\/figure>\n","protected":false},"excerpt":{"rendered":"<p>..:: zum Vergr\u00f6\u00dfern bitte auf das jeweilige Bild klicken &#8211; es \u00f6ffnet sich dann eine pdf-Datei ::..<\/p>\n","protected":false},"author":1,"featured_media":0,"parent":0,"menu_order":0,"comment_status":"closed","ping_status":"closed","template":"","meta":{"ngg_post_thumbnail":0,"footnotes":""},"class_list":["post-18744","page","type-page","status-publish","hentry"],"_links":{"self":[{"href":"https:\/\/kls-neuruppin.de\/wordpress\/wp-json\/wp\/v2\/pages\/18744","targetHints":{"allow":["GET"]}}],"collection":[{"href":"https:\/\/kls-neuruppin.de\/wordpress\/wp-json\/wp\/v2\/pages"}],"about":[{"href":"https:\/\/kls-neuruppin.de\/wordpress\/wp-json\/wp\/v2\/types\/page"}],"author":[{"embeddable":true,"href":"https:\/\/kls-neuruppin.de\/wordpress\/wp-json\/wp\/v2\/users\/1"}],"replies":[{"embeddable":true,"href":"https:\/\/kls-neuruppin.de\/wordpress\/wp-json\/wp\/v2\/comments?post=18744"}],"version-history":[{"count":3,"href":"https:\/\/kls-neuruppin.de\/wordpress\/wp-json\/wp\/v2\/pages\/18744\/revisions"}],"predecessor-version":[{"id":18768,"href":"https:\/\/kls-neuruppin.de\/wordpress\/wp-json\/wp\/v2\/pages\/18744\/revisions\/18768"}],"wp:attachment":[{"href":"https:\/\/kls-neuruppin.de\/wordpress\/wp-json\/wp\/v2\/media?parent=18744"}],"curies":[{"name":"wp","href":"https:\/\/api.w.org\/{rel}","templated":true}]}}