{"id":25,"date":"2017-06-19T21:13:18","date_gmt":"2017-06-19T19:13:18","guid":{"rendered":"http:\/\/kls-neuruppin.de.w0170a7f.kasserver.com\/wordpress\/?page_id=25"},"modified":"2026-03-27T07:12:03","modified_gmt":"2026-03-27T06:12:03","slug":"startseite","status":"publish","type":"page","link":"https:\/\/kls-neuruppin.de\/wordpress\/","title":{"rendered":"Herzlich willkommen auf den Karli-Internetseiten!"},"content":{"rendered":"\n<p>Das Neuste aus der Karli:<\/p>\n\n\n\n<h1 class=\"wp-block-heading has-text-align-center\">Die Osterferien stehen vor der T\u00fcr. Vielleicht hast du in den Ferien etwas Sch\u00f6nes vor<br>oder etwas Tolles geplant? Dann schie\u00dfe ein cooles Foto und schicke es an die Redaktion<br>unser Sch\u00fclerzeitung Karli News.<br>Wenn du Interesse hast, schicke deine sch\u00f6nsten<br>Fotos per E-Mail an zeitung@kls-neuruppin.de. Wir freuen uns auf deine Fotos!<\/h1>\n\n\n\n<h1 class=\"wp-block-heading has-text-align-center\"><strong>26.03.2026 &#8211; <a href=\"https:\/\/kls-neuruppin.de\/wordpress\/2026\/03\/26\/zfb-regionalfinale-u14-karli-am-ende-auf-rang-4\/\">ZFB Regionalfinale &#8211; Karli am Ende auf Rang 4<\/a><\/strong><\/h1>\n\n\n\n<figure class=\"wp-block-image size-large\"><img fetchpriority=\"high\" decoding=\"async\" width=\"1024\" height=\"683\" src=\"https:\/\/kls-neuruppin.de\/wordpress\/wp-content\/uploads\/2026\/03\/IMG_9083-1024x683.jpg\" alt=\"\" class=\"wp-image-22758\" srcset=\"https:\/\/kls-neuruppin.de\/wordpress\/wp-content\/uploads\/2026\/03\/IMG_9083-1024x683.jpg 1024w, https:\/\/kls-neuruppin.de\/wordpress\/wp-content\/uploads\/2026\/03\/IMG_9083-300x200.jpg 300w, https:\/\/kls-neuruppin.de\/wordpress\/wp-content\/uploads\/2026\/03\/IMG_9083-768x512.jpg 768w, https:\/\/kls-neuruppin.de\/wordpress\/wp-content\/uploads\/2026\/03\/IMG_9083-624x416.jpg 624w, https:\/\/kls-neuruppin.de\/wordpress\/wp-content\/uploads\/2026\/03\/IMG_9083.jpg 1500w\" sizes=\"(max-width: 1024px) 100vw, 1024px\" \/><\/figure>\n\n\n\n<h1 class=\"wp-block-heading has-text-align-center\"><strong>25.03.2026 &#8211; <a href=\"https:\/\/kls-neuruppin.de\/wordpress\/wp-content\/uploads\/2026\/03\/4.-Ausgabe-KarliNews_25_03_2026.pdf\">Karli News ver\u00f6ffentlicht 4. Ausgabe (Link zum Download)<\/a><\/strong><\/h1>\n\n\n\n<figure class=\"wp-block-image size-large\"><a href=\"https:\/\/kls-neuruppin.de\/wordpress\/wp-content\/uploads\/2026\/03\/4.-Ausgabe-KarliNews_25_03_2026.pdf\"><img decoding=\"async\" width=\"718\" height=\"1024\" src=\"https:\/\/kls-neuruppin.de\/wordpress\/wp-content\/uploads\/2026\/03\/Vorschaubild_Karli_News_4-718x1024.png\" alt=\"\" class=\"wp-image-22749\" srcset=\"https:\/\/kls-neuruppin.de\/wordpress\/wp-content\/uploads\/2026\/03\/Vorschaubild_Karli_News_4-718x1024.png 718w, https:\/\/kls-neuruppin.de\/wordpress\/wp-content\/uploads\/2026\/03\/Vorschaubild_Karli_News_4-210x300.png 210w, https:\/\/kls-neuruppin.de\/wordpress\/wp-content\/uploads\/2026\/03\/Vorschaubild_Karli_News_4-768x1096.png 768w, https:\/\/kls-neuruppin.de\/wordpress\/wp-content\/uploads\/2026\/03\/Vorschaubild_Karli_News_4-1077x1536.png 1077w, https:\/\/kls-neuruppin.de\/wordpress\/wp-content\/uploads\/2026\/03\/Vorschaubild_Karli_News_4-624x890.png 624w, https:\/\/kls-neuruppin.de\/wordpress\/wp-content\/uploads\/2026\/03\/Vorschaubild_Karli_News_4.png 1352w\" sizes=\"(max-width: 718px) 100vw, 718px\" \/><\/a><\/figure>\n\n\n\n<h1 class=\"wp-block-heading has-text-align-center\"><strong>24.03.2026 &#8211; <a href=\"https:\/\/kls-neuruppin.de\/wordpress\/2026\/03\/24\/maerchen-in-der-klasse-2a\/\">M\u00e4rchen in der Klasse 2a (Link zum Bericht) <\/a>\/ <a href=\"https:\/\/kls-neuruppin.de\/wordpress\/24-03-2026-maerchen-2a\/\">Fotogalerie<\/a><\/strong><\/h1>\n\n\n\n<figure class=\"wp-block-image size-large\"><img decoding=\"async\" width=\"1024\" height=\"768\" src=\"https:\/\/kls-neuruppin.de\/wordpress\/wp-content\/uploads\/2026\/03\/Maerchen_2a_13-1024x768.jpeg\" alt=\"\" class=\"wp-image-22737\" srcset=\"https:\/\/kls-neuruppin.de\/wordpress\/wp-content\/uploads\/2026\/03\/Maerchen_2a_13-1024x768.jpeg 1024w, https:\/\/kls-neuruppin.de\/wordpress\/wp-content\/uploads\/2026\/03\/Maerchen_2a_13-300x225.jpeg 300w, https:\/\/kls-neuruppin.de\/wordpress\/wp-content\/uploads\/2026\/03\/Maerchen_2a_13-768x576.jpeg 768w, https:\/\/kls-neuruppin.de\/wordpress\/wp-content\/uploads\/2026\/03\/Maerchen_2a_13-1536x1152.jpeg 1536w, https:\/\/kls-neuruppin.de\/wordpress\/wp-content\/uploads\/2026\/03\/Maerchen_2a_13-624x468.jpeg 624w, https:\/\/kls-neuruppin.de\/wordpress\/wp-content\/uploads\/2026\/03\/Maerchen_2a_13.jpeg 1600w\" sizes=\"(max-width: 1024px) 100vw, 1024px\" \/><\/figure>\n\n\n\n<h1 class=\"wp-block-heading has-text-align-center\"><strong>23.03.2026 &#8211; <a href=\"https:\/\/kls-neuruppin.de\/wordpress\/2026\/03\/23\/fruehjahrs-cross-2026-lina-siegt-in-ak12\/\">Fr\u00fchjahrs-Cross 2026 &#8211; Lina siegt in AK12<\/a><\/strong><\/h1>\n\n\n\n<figure class=\"wp-block-image size-large\"><img loading=\"lazy\" decoding=\"async\" width=\"1003\" height=\"1024\" src=\"https:\/\/kls-neuruppin.de\/wordpress\/wp-content\/uploads\/2026\/03\/Crosslauf_2026_2-1003x1024.png\" alt=\"\" class=\"wp-image-22707\" srcset=\"https:\/\/kls-neuruppin.de\/wordpress\/wp-content\/uploads\/2026\/03\/Crosslauf_2026_2-1003x1024.png 1003w, https:\/\/kls-neuruppin.de\/wordpress\/wp-content\/uploads\/2026\/03\/Crosslauf_2026_2-294x300.png 294w, https:\/\/kls-neuruppin.de\/wordpress\/wp-content\/uploads\/2026\/03\/Crosslauf_2026_2-768x784.png 768w, https:\/\/kls-neuruppin.de\/wordpress\/wp-content\/uploads\/2026\/03\/Crosslauf_2026_2-624x637.png 624w, https:\/\/kls-neuruppin.de\/wordpress\/wp-content\/uploads\/2026\/03\/Crosslauf_2026_2.png 1269w\" sizes=\"(max-width: 1003px) 100vw, 1003px\" \/><\/figure>\n\n\n\n<h1 class=\"wp-block-heading has-text-align-center\"><strong>20.03.2026 &#8211; <a href=\"https:\/\/kls-neuruppin.de\/wordpress\/2026\/03\/20\/viva-las-vegas\/\">Viva Las Vegas<\/a><\/strong><\/h1>\n\n\n\n<figure class=\"wp-block-image size-large\"><img loading=\"lazy\" decoding=\"async\" width=\"1024\" height=\"768\" src=\"https:\/\/kls-neuruppin.de\/wordpress\/wp-content\/uploads\/2026\/03\/image-20-1024x768.png\" alt=\"\" class=\"wp-image-22694\" srcset=\"https:\/\/kls-neuruppin.de\/wordpress\/wp-content\/uploads\/2026\/03\/image-20-1024x768.png 1024w, https:\/\/kls-neuruppin.de\/wordpress\/wp-content\/uploads\/2026\/03\/image-20-300x225.png 300w, https:\/\/kls-neuruppin.de\/wordpress\/wp-content\/uploads\/2026\/03\/image-20-768x576.png 768w, https:\/\/kls-neuruppin.de\/wordpress\/wp-content\/uploads\/2026\/03\/image-20-1536x1152.png 1536w, https:\/\/kls-neuruppin.de\/wordpress\/wp-content\/uploads\/2026\/03\/image-20-624x468.png 624w, https:\/\/kls-neuruppin.de\/wordpress\/wp-content\/uploads\/2026\/03\/image-20.png 2000w\" sizes=\"(max-width: 1024px) 100vw, 1024px\" \/><\/figure>\n\n\n\n<h1 class=\"wp-block-heading has-text-align-center\"><strong>19.03.2026 &#8211; K\u00e4nguru-Wettbewerb f\u00fcr Jahrgangsstufen 3-6<\/strong><\/h1>\n\n\n\n<figure class=\"wp-block-image size-large\"><img loading=\"lazy\" decoding=\"async\" width=\"1024\" height=\"768\" src=\"https:\/\/kls-neuruppin.de\/wordpress\/wp-content\/uploads\/2026\/03\/image-18-1024x768.png\" alt=\"\" class=\"wp-image-22689\" srcset=\"https:\/\/kls-neuruppin.de\/wordpress\/wp-content\/uploads\/2026\/03\/image-18-1024x768.png 1024w, https:\/\/kls-neuruppin.de\/wordpress\/wp-content\/uploads\/2026\/03\/image-18-300x225.png 300w, https:\/\/kls-neuruppin.de\/wordpress\/wp-content\/uploads\/2026\/03\/image-18-768x576.png 768w, https:\/\/kls-neuruppin.de\/wordpress\/wp-content\/uploads\/2026\/03\/image-18-1536x1152.png 1536w, https:\/\/kls-neuruppin.de\/wordpress\/wp-content\/uploads\/2026\/03\/image-18-624x468.png 624w, https:\/\/kls-neuruppin.de\/wordpress\/wp-content\/uploads\/2026\/03\/image-18.png 2000w\" sizes=\"(max-width: 1024px) 100vw, 1024px\" \/><figcaption class=\"wp-element-caption\">Schachraum mit Zusatztischen. Hier und auch im Klassenraum der Klasse 4a nahmen insgesamt 70 Kinder am heutigen K\u00e4nguru-Wettbewerb teil. Wer schaffte die l\u00e4ngsten Spr\u00fcnge, sprich wer l\u00f6ste die meisten Aufgaben richtig hintereinander? Die Auswertung erfolgt im Juni.<\/figcaption><\/figure>\n\n\n\n<h1 class=\"wp-block-heading has-text-align-center\"><strong>19.03.2026 &#8211; <a href=\"https:\/\/kls-neuruppin.de\/wordpress\/2026\/03\/19\/hochsprungmeeting-im-osz-ida-ueber-130m-7-podestplaetze-fuer-die-karli-kinder\/\">Hochsprungmeeting im OSZ \/ Ida \u00fcber 1,30m \/ 7 Karli-Kinder auf dem Podest<\/a><\/strong><\/h1>\n\n\n\n<figure class=\"wp-block-image size-large\"><img loading=\"lazy\" decoding=\"async\" width=\"768\" height=\"1024\" src=\"https:\/\/kls-neuruppin.de\/wordpress\/wp-content\/uploads\/2026\/03\/image-14-edited-768x1024.png\" alt=\"\" class=\"wp-image-22680\" srcset=\"https:\/\/kls-neuruppin.de\/wordpress\/wp-content\/uploads\/2026\/03\/image-14-edited-768x1024.png 768w, https:\/\/kls-neuruppin.de\/wordpress\/wp-content\/uploads\/2026\/03\/image-14-edited-225x300.png 225w, https:\/\/kls-neuruppin.de\/wordpress\/wp-content\/uploads\/2026\/03\/image-14-edited-624x832.png 624w, https:\/\/kls-neuruppin.de\/wordpress\/wp-content\/uploads\/2026\/03\/image-14-edited.png 991w\" sizes=\"(max-width: 768px) 100vw, 768px\" \/><\/figure>\n\n\n\n<h1 class=\"wp-block-heading has-text-align-center\"><strong>18.03.2026 &#8211; Mini-K\u00e4nguru-Wettbewerb &#8211; Karli erstmalig dabei<\/strong><\/h1>\n\n\n\n<figure class=\"wp-block-image size-large\"><img loading=\"lazy\" decoding=\"async\" width=\"1344\" height=\"1008\" src=\"https:\/\/kls-neuruppin.de\/wordpress\/wp-content\/uploads\/2026\/03\/IMG_3628-edited.jpeg\" alt=\"\" class=\"wp-image-22672\" srcset=\"https:\/\/kls-neuruppin.de\/wordpress\/wp-content\/uploads\/2026\/03\/IMG_3628-edited.jpeg 1344w, https:\/\/kls-neuruppin.de\/wordpress\/wp-content\/uploads\/2026\/03\/IMG_3628-edited-300x225.jpeg 300w, https:\/\/kls-neuruppin.de\/wordpress\/wp-content\/uploads\/2026\/03\/IMG_3628-edited-1024x768.jpeg 1024w, https:\/\/kls-neuruppin.de\/wordpress\/wp-content\/uploads\/2026\/03\/IMG_3628-edited-768x576.jpeg 768w, https:\/\/kls-neuruppin.de\/wordpress\/wp-content\/uploads\/2026\/03\/IMG_3628-edited-624x468.jpeg 624w\" sizes=\"(max-width: 1344px) 100vw, 1344px\" \/><figcaption class=\"wp-element-caption\">Am gestrigen Dienstag nahmen Kinder der Jahrgangsstufe 2 erstmalig am Mini-K\u00e4nguru-Wettbewerb teil. In knapp zwei Unterrichtsstunden galt es, leichte, mittlere und sehr schwere mathematische Aufgaben zu l\u00f6sen. Im Rahmen der heutigen Siegerehrung wurden die drei Kinder mit den meisten Punkten jeweils mit einem Gutschein pr\u00e4miert, alle 18 Teilnehmerinnen und Teilnehmer erhielten Urkunden zur Erinnerung. Es siegte Oskar J\u00e4kel aus der Klasse 2c mit 52,5 Punkten, gefolgt von Mattis Peter (40,0\/Klasse 2b) und Lea Groth (31,25\/Klasse 2c).<\/figcaption><\/figure>\n\n\n\n<h1 class=\"wp-block-heading has-text-align-center\"><strong>17.03.2026 &#8211; <a href=\"https:\/\/kls-neuruppin.de\/wordpress\/2026\/03\/17\/sushaushalt-funtasy-world-wittenberge-gewinnt\/\">SuS*Haushalt 2025\/2026 &#8211; Funtasy World Wittenberge gewinnt<\/a><\/strong><\/h1>\n\n\n\n<figure class=\"wp-block-image size-large\"><img loading=\"lazy\" decoding=\"async\" width=\"1024\" height=\"549\" src=\"https:\/\/kls-neuruppin.de\/wordpress\/wp-content\/uploads\/2026\/03\/3-IMG_1645-1024x549.jpg\" alt=\"\" class=\"wp-image-22666\" srcset=\"https:\/\/kls-neuruppin.de\/wordpress\/wp-content\/uploads\/2026\/03\/3-IMG_1645-1024x549.jpg 1024w, https:\/\/kls-neuruppin.de\/wordpress\/wp-content\/uploads\/2026\/03\/3-IMG_1645-300x161.jpg 300w, https:\/\/kls-neuruppin.de\/wordpress\/wp-content\/uploads\/2026\/03\/3-IMG_1645-768x411.jpg 768w, https:\/\/kls-neuruppin.de\/wordpress\/wp-content\/uploads\/2026\/03\/3-IMG_1645-1536x823.jpg 1536w, https:\/\/kls-neuruppin.de\/wordpress\/wp-content\/uploads\/2026\/03\/3-IMG_1645-2048x1097.jpg 2048w, https:\/\/kls-neuruppin.de\/wordpress\/wp-content\/uploads\/2026\/03\/3-IMG_1645-624x334.jpg 624w\" sizes=\"(max-width: 1024px) 100vw, 1024px\" \/><\/figure>\n\n\n\n<h1 class=\"wp-block-heading has-text-align-center\"><strong>15.03.2026 &#8211; Exkursion am Sonntag &#8211; Klasse 6b treibt die Eisb\u00e4ren ins Viertelfinale<\/strong><\/h1>\n\n\n\n<figure class=\"wp-block-image size-large\"><img loading=\"lazy\" decoding=\"async\" width=\"1336\" height=\"936\" src=\"https:\/\/kls-neuruppin.de\/wordpress\/wp-content\/uploads\/2026\/03\/image-10-edited.png\" alt=\"\" class=\"wp-image-22654\" srcset=\"https:\/\/kls-neuruppin.de\/wordpress\/wp-content\/uploads\/2026\/03\/image-10-edited.png 1336w, https:\/\/kls-neuruppin.de\/wordpress\/wp-content\/uploads\/2026\/03\/image-10-edited-300x210.png 300w, https:\/\/kls-neuruppin.de\/wordpress\/wp-content\/uploads\/2026\/03\/image-10-edited-1024x717.png 1024w, https:\/\/kls-neuruppin.de\/wordpress\/wp-content\/uploads\/2026\/03\/image-10-edited-768x538.png 768w, https:\/\/kls-neuruppin.de\/wordpress\/wp-content\/uploads\/2026\/03\/image-10-edited-624x437.png 624w\" sizes=\"(max-width: 1336px) 100vw, 1336px\" \/><figcaption class=\"wp-element-caption\">Aufstellung vor dem Spiel vor der Uber-Arena. Den 52. Hauptrundenspieltag der Penny-DEL besuchte die Klasse 6b am heutigen Sonntag. Durch den 5:1-Sieg \u00fcber Redbull M\u00fcnchen gelang den Eisb\u00e4ren Berlin der direkte Einzug ins Viertelfinale. Hier geht es nun gegen die Straubing Tigers.<\/figcaption><\/figure>\n\n\n\n<figure class=\"wp-block-image size-large\"><img loading=\"lazy\" decoding=\"async\" width=\"1575\" height=\"1181\" src=\"https:\/\/kls-neuruppin.de\/wordpress\/wp-content\/uploads\/2026\/03\/image-11-edited.png\" alt=\"\" class=\"wp-image-22656\" srcset=\"https:\/\/kls-neuruppin.de\/wordpress\/wp-content\/uploads\/2026\/03\/image-11-edited.png 1575w, https:\/\/kls-neuruppin.de\/wordpress\/wp-content\/uploads\/2026\/03\/image-11-edited-300x225.png 300w, https:\/\/kls-neuruppin.de\/wordpress\/wp-content\/uploads\/2026\/03\/image-11-edited-1024x768.png 1024w, https:\/\/kls-neuruppin.de\/wordpress\/wp-content\/uploads\/2026\/03\/image-11-edited-768x576.png 768w, https:\/\/kls-neuruppin.de\/wordpress\/wp-content\/uploads\/2026\/03\/image-11-edited-1536x1152.png 1536w, https:\/\/kls-neuruppin.de\/wordpress\/wp-content\/uploads\/2026\/03\/image-11-edited-624x468.png 624w\" sizes=\"(max-width: 1575px) 100vw, 1575px\" \/><figcaption class=\"wp-element-caption\">Selbst Bully und Bully Bambini wollten ein Foto von der Klasse, ehe Geburtstagskind Luisa auf der Eismaschine vor Spielbeginn noch das Eis pr\u00e4parierte und die restlichen Kinder mittels High 5 f\u00fcr zus\u00e4tzliche Motivation bei der Mannschaft sorgte. Eine nette Exkursion!<\/figcaption><\/figure>\n\n\n\n<h1 class=\"wp-block-heading has-text-align-center\"><strong>12.03.2026 &#8211; <a href=\"https:\/\/kls-neuruppin.de\/wordpress\/2026\/03\/12\/brausepulver-selbst-herstellen-naturwissenschaftlicher-unterricht-in-der-klasse-5b\/\">Brausepulver selbst herstellen \u2013 naturwissenschaftlicher Unterricht in der Klasse 5b<\/a><\/strong><\/h1>\n\n\n\n<figure class=\"wp-block-image size-large\"><img loading=\"lazy\" decoding=\"async\" width=\"768\" height=\"1024\" src=\"https:\/\/kls-neuruppin.de\/wordpress\/wp-content\/uploads\/2026\/03\/d4d1a4ef-4a4a-48d8-b45c-5bf5b2a12406-768x1024.jpg\" alt=\"\" class=\"wp-image-22643\" srcset=\"https:\/\/kls-neuruppin.de\/wordpress\/wp-content\/uploads\/2026\/03\/d4d1a4ef-4a4a-48d8-b45c-5bf5b2a12406-768x1024.jpg 768w, https:\/\/kls-neuruppin.de\/wordpress\/wp-content\/uploads\/2026\/03\/d4d1a4ef-4a4a-48d8-b45c-5bf5b2a12406-225x300.jpg 225w, https:\/\/kls-neuruppin.de\/wordpress\/wp-content\/uploads\/2026\/03\/d4d1a4ef-4a4a-48d8-b45c-5bf5b2a12406-624x832.jpg 624w, https:\/\/kls-neuruppin.de\/wordpress\/wp-content\/uploads\/2026\/03\/d4d1a4ef-4a4a-48d8-b45c-5bf5b2a12406.jpg 960w\" sizes=\"(max-width: 768px) 100vw, 768px\" \/><\/figure>\n\n\n\n<h1 class=\"wp-block-heading has-text-align-center\"><strong>11.03.2026 &#8211; <a href=\"https:\/\/kls-neuruppin.de\/wordpress\/2026\/03\/11\/jtfo-u12-mix-karli-holt-naechsten-titel\/\">JtfO U12 Mix: Karli holt n\u00e4chsten Titel<\/a><\/strong><\/h1>\n\n\n\n<figure class=\"wp-block-image size-large\"><img loading=\"lazy\" decoding=\"async\" width=\"1412\" height=\"1059\" src=\"https:\/\/kls-neuruppin.de\/wordpress\/wp-content\/uploads\/2026\/03\/image-7-edited-1.png\" alt=\"\" class=\"wp-image-22615\" srcset=\"https:\/\/kls-neuruppin.de\/wordpress\/wp-content\/uploads\/2026\/03\/image-7-edited-1.png 1412w, https:\/\/kls-neuruppin.de\/wordpress\/wp-content\/uploads\/2026\/03\/image-7-edited-1-300x225.png 300w, https:\/\/kls-neuruppin.de\/wordpress\/wp-content\/uploads\/2026\/03\/image-7-edited-1-1024x768.png 1024w, https:\/\/kls-neuruppin.de\/wordpress\/wp-content\/uploads\/2026\/03\/image-7-edited-1-768x576.png 768w, https:\/\/kls-neuruppin.de\/wordpress\/wp-content\/uploads\/2026\/03\/image-7-edited-1-624x468.png 624w\" sizes=\"(max-width: 1412px) 100vw, 1412px\" \/><\/figure>\n\n\n\n<h1 class=\"wp-block-heading has-text-align-center\"><strong>11.03.2026 &#8211; <a href=\"https:\/\/kls-neuruppin.de\/wordpress\/2026\/03\/11\/klasse-2c-im-kletterturm\/\">Klasse 2c im Kletterturm<\/a><\/strong><\/h1>\n\n\n\n<figure class=\"wp-block-image size-large\"><img loading=\"lazy\" decoding=\"async\" width=\"768\" height=\"1024\" src=\"https:\/\/kls-neuruppin.de\/wordpress\/wp-content\/uploads\/2026\/03\/Klettern_2c_1-768x1024.jpeg\" alt=\"\" class=\"wp-image-22620\" srcset=\"https:\/\/kls-neuruppin.de\/wordpress\/wp-content\/uploads\/2026\/03\/Klettern_2c_1-768x1024.jpeg 768w, https:\/\/kls-neuruppin.de\/wordpress\/wp-content\/uploads\/2026\/03\/Klettern_2c_1-225x300.jpeg 225w, https:\/\/kls-neuruppin.de\/wordpress\/wp-content\/uploads\/2026\/03\/Klettern_2c_1-1152x1536.jpeg 1152w, https:\/\/kls-neuruppin.de\/wordpress\/wp-content\/uploads\/2026\/03\/Klettern_2c_1-624x832.jpeg 624w, https:\/\/kls-neuruppin.de\/wordpress\/wp-content\/uploads\/2026\/03\/Klettern_2c_1.jpeg 1200w\" sizes=\"(max-width: 768px) 100vw, 768px\" \/><\/figure>\n\n\n\n<h1 class=\"wp-block-heading has-text-align-center\"><strong>19.03.2026 &#8211; <a href=\"https:\/\/kls-neuruppin.de\/wordpress\/wp-content\/uploads\/2026\/03\/Veranstaltung_19_03_2026.pdf\">Digitaler Themenabend f\u00fcr Eltern (Erkennen von Drogenkonsum mit dem Schwerpunkt Vapes) &#8211; Einladung<\/a><\/strong><\/h1>\n\n\n\n<h1 class=\"wp-block-heading has-text-align-center\">05.03.2026 &#8211; <a href=\"https:\/\/kls-neuruppin.de\/wordpress\/2026\/03\/05\/jtfo-zfb-u14-mix-karli-triumphiert-in-wittstock\/\">JtfO ZFB U14 Mix: Karli triumphiert in Wittstock<\/a><\/h1>\n\n\n\n<figure class=\"wp-block-image size-large\"><img loading=\"lazy\" decoding=\"async\" width=\"1024\" height=\"838\" src=\"https:\/\/kls-neuruppin.de\/wordpress\/wp-content\/uploads\/2026\/03\/image-5-1024x838.png\" alt=\"\" class=\"wp-image-22599\" srcset=\"https:\/\/kls-neuruppin.de\/wordpress\/wp-content\/uploads\/2026\/03\/image-5-1024x838.png 1024w, https:\/\/kls-neuruppin.de\/wordpress\/wp-content\/uploads\/2026\/03\/image-5-300x246.png 300w, https:\/\/kls-neuruppin.de\/wordpress\/wp-content\/uploads\/2026\/03\/image-5-768x629.png 768w, https:\/\/kls-neuruppin.de\/wordpress\/wp-content\/uploads\/2026\/03\/image-5-1536x1258.png 1536w, https:\/\/kls-neuruppin.de\/wordpress\/wp-content\/uploads\/2026\/03\/image-5-624x511.png 624w, https:\/\/kls-neuruppin.de\/wordpress\/wp-content\/uploads\/2026\/03\/image-5.png 1600w\" sizes=\"(max-width: 1024px) 100vw, 1024px\" \/><\/figure>\n\n\n\n<h1 class=\"wp-block-heading has-text-align-center\"><strong>03.03.2026 &#8211; Pangea-Wettbewerb \/ Jahrgangsstufe 5 und 6 dabei<\/strong><\/h1>\n\n\n\n<figure class=\"wp-block-image size-large\"><img loading=\"lazy\" decoding=\"async\" width=\"1024\" height=\"768\" src=\"https:\/\/kls-neuruppin.de\/wordpress\/wp-content\/uploads\/2026\/03\/a9c62821-53e3-4c5a-bafb-949b9b63a581-1024x768.jpg\" alt=\"\" class=\"wp-image-22595\" srcset=\"https:\/\/kls-neuruppin.de\/wordpress\/wp-content\/uploads\/2026\/03\/a9c62821-53e3-4c5a-bafb-949b9b63a581-1024x768.jpg 1024w, https:\/\/kls-neuruppin.de\/wordpress\/wp-content\/uploads\/2026\/03\/a9c62821-53e3-4c5a-bafb-949b9b63a581-300x225.jpg 300w, https:\/\/kls-neuruppin.de\/wordpress\/wp-content\/uploads\/2026\/03\/a9c62821-53e3-4c5a-bafb-949b9b63a581-768x576.jpg 768w, https:\/\/kls-neuruppin.de\/wordpress\/wp-content\/uploads\/2026\/03\/a9c62821-53e3-4c5a-bafb-949b9b63a581-1536x1152.jpg 1536w, https:\/\/kls-neuruppin.de\/wordpress\/wp-content\/uploads\/2026\/03\/a9c62821-53e3-4c5a-bafb-949b9b63a581-624x468.jpg 624w, https:\/\/kls-neuruppin.de\/wordpress\/wp-content\/uploads\/2026\/03\/a9c62821-53e3-4c5a-bafb-949b9b63a581.jpg 2000w\" sizes=\"(max-width: 1024px) 100vw, 1024px\" \/><\/figure>\n\n\n\n<h1 class=\"wp-block-heading has-text-align-center\"><strong>01.03.2026 &#8211; <a href=\"https:\/\/kls-neuruppin.de\/wordpress\/2026\/03\/01\/chorlager-2026-von-singsang-einer-wanderung-ueber-den-acker-dem-essen-im-restaurant-und-sonnenbrandgefahr\/\">Chorlager 2026: Von Singsang, einer Wanderung \u00fcber den Acker, dem Essen im Restaurant und Sonnenbrandgefahr<\/a><\/strong><\/h1>\n\n\n\n<figure class=\"wp-block-embed is-type-video is-provider-youtube wp-block-embed-youtube wp-embed-aspect-16-9 wp-has-aspect-ratio\"><div class=\"wp-block-embed__wrapper\">\n<iframe title=\"Mamma Mia - Spatzenchor der Grundschule &quot;Karl Liebknecht&quot; Neuruppin (Probenphase)\" width=\"625\" height=\"352\" src=\"https:\/\/www.youtube.com\/embed\/Un0VQRNv4lI?feature=oembed\" frameborder=\"0\" allow=\"accelerometer; autoplay; clipboard-write; encrypted-media; gyroscope; picture-in-picture; web-share\" referrerpolicy=\"strict-origin-when-cross-origin\" allowfullscreen><\/iframe>\n<\/div><\/figure>\n\n\n\n<figure class=\"wp-block-embed is-type-video is-provider-youtube wp-block-embed-youtube wp-embed-aspect-16-9 wp-has-aspect-ratio\"><div class=\"wp-block-embed__wrapper\">\n<iframe title=\"Medley - Spatzenchor der Grundschule &quot;Karl Liebknecht&quot; Neuruppin (Probenphase)\" width=\"625\" height=\"352\" src=\"https:\/\/www.youtube.com\/embed\/eu9ZnBtwtEM?feature=oembed\" frameborder=\"0\" allow=\"accelerometer; autoplay; clipboard-write; encrypted-media; gyroscope; picture-in-picture; web-share\" referrerpolicy=\"strict-origin-when-cross-origin\" allowfullscreen><\/iframe>\n<\/div><\/figure>\n\n\n\n<hr class=\"wp-block-separator has-css-opacity\"\/>\n\n\n<p><!--EndFragment--><\/p>\n<p>&nbsp;<\/p>\n<h1><strong><img loading=\"lazy\" decoding=\"async\" class=\"alignright size-medium wp-image-260\" src=\"http:\/\/kls-neuruppin.de.w0170a7f.kasserver.com\/wordpress\/wp-content\/uploads\/2017\/06\/Schulgeb\u00e4ude-300x200.jpg\" alt=\"\" width=\"300\" height=\"200\" srcset=\"https:\/\/kls-neuruppin.de\/wordpress\/wp-content\/uploads\/2017\/06\/Schulgeb\u00e4ude-300x200.jpg 300w, https:\/\/kls-neuruppin.de\/wordpress\/wp-content\/uploads\/2017\/06\/Schulgeb\u00e4ude-768x512.jpg 768w, https:\/\/kls-neuruppin.de\/wordpress\/wp-content\/uploads\/2017\/06\/Schulgeb\u00e4ude-1024x683.jpg 1024w, https:\/\/kls-neuruppin.de\/wordpress\/wp-content\/uploads\/2017\/06\/Schulgeb\u00e4ude-624x416.jpg 624w\" sizes=\"(max-width: 300px) 100vw, 300px\" \/> <img loading=\"lazy\" decoding=\"async\" class=\"alignright size-medium wp-image-259\" src=\"http:\/\/kls-neuruppin.de.w0170a7f.kasserver.com\/wordpress\/wp-content\/uploads\/2017\/06\/Eingang-300x200.jpg\" alt=\"\" width=\"300\" height=\"200\" srcset=\"https:\/\/kls-neuruppin.de\/wordpress\/wp-content\/uploads\/2017\/06\/Eingang-300x200.jpg 300w, https:\/\/kls-neuruppin.de\/wordpress\/wp-content\/uploads\/2017\/06\/Eingang-768x512.jpg 768w, https:\/\/kls-neuruppin.de\/wordpress\/wp-content\/uploads\/2017\/06\/Eingang-1024x683.jpg 1024w, https:\/\/kls-neuruppin.de\/wordpress\/wp-content\/uploads\/2017\/06\/Eingang-624x416.jpg 624w\" sizes=\"(max-width: 300px) 100vw, 300px\" \/> <img loading=\"lazy\" decoding=\"async\" class=\"alignright size-medium wp-image-258\" src=\"http:\/\/kls-neuruppin.de.w0170a7f.kasserver.com\/wordpress\/wp-content\/uploads\/2017\/06\/Sportplatz-300x200.jpg\" alt=\"\" width=\"300\" height=\"200\" srcset=\"https:\/\/kls-neuruppin.de\/wordpress\/wp-content\/uploads\/2017\/06\/Sportplatz-300x200.jpg 300w, https:\/\/kls-neuruppin.de\/wordpress\/wp-content\/uploads\/2017\/06\/Sportplatz-768x512.jpg 768w, https:\/\/kls-neuruppin.de\/wordpress\/wp-content\/uploads\/2017\/06\/Sportplatz-1024x683.jpg 1024w, https:\/\/kls-neuruppin.de\/wordpress\/wp-content\/uploads\/2017\/06\/Sportplatz-624x416.jpg 624w\" sizes=\"(max-width: 300px) 100vw, 300px\" \/><\/strong><\/h1>\n<p>Gelegen am Rande des Wohnkomplexes III in der Fontanestadt Neuruppin, lernen an unserer Schule etwa 300 Kinder aus dem gesamten Neubaugebiet sowie aus Treskow, Bechlin, Buskow und St\u00f6ffin. Sie werden von 21 Lehrerinnen und Lehrern unterrichtet, die durch mehrere Einzelfallhelfer weitere Unterst\u00fctzung erfahren.<\/p>\n<p>Unsere Schule, die gr\u00f6\u00dfte Grundschule in Neuruppin, arbeitet als offene Ganztagsschule. Das bedeutet, dass &nbsp;unsere Kinder aus einem umfangreichen Nachmittagsangebot von Montag bis Freitag w\u00e4hlen k\u00f6nnen. Etwa 300 Kinder nehmen daran teil.<\/p>\n<p>Wir sind Schule f\u00fcr Gemeinsames Lernen, wodurch Kinder mit sonderp\u00e4dagogischem F\u00f6rderbedarf oder auch mit Migrationshintergrund in den Regelklassen integriert sind und lernen. Zus\u00e4tzlich erhalten Kinder mit Lese-Rechtschreib-Schwierigkeiten oder Rechenschw\u00e4che eine zus\u00e4tzliche F\u00f6rderung. F\u00fcr leistungsstarke Sch\u00fcler wird eine Begabtenf\u00f6rderung in Musik sowie im Schach angeboten.<\/p>\n\n\n<p><\/p>\n","protected":false},"excerpt":{"rendered":"<p>Das Neuste aus der Karli: Die Osterferien stehen vor der T\u00fcr. Vielleicht hast du in den Ferien etwas Sch\u00f6nes voroder etwas Tolles geplant? Dann schie\u00dfe ein cooles Foto und schicke es an die Redaktionunser Sch\u00fclerzeitung Karli News.Wenn du Interesse hast, schicke deine sch\u00f6nstenFotos per E-Mail an zeitung@kls-neuruppin.de. Wir freuen uns auf deine Fotos! 26.03.2026 &#8211; [&hellip;]<\/p>\n","protected":false},"author":1,"featured_media":0,"parent":0,"menu_order":0,"comment_status":"closed","ping_status":"closed","template":"","meta":{"ngg_post_thumbnail":0,"footnotes":""},"class_list":["post-25","page","type-page","status-publish","hentry"],"_links":{"self":[{"href":"https:\/\/kls-neuruppin.de\/wordpress\/wp-json\/wp\/v2\/pages\/25","targetHints":{"allow":["GET"]}}],"collection":[{"href":"https:\/\/kls-neuruppin.de\/wordpress\/wp-json\/wp\/v2\/pages"}],"about":[{"href":"https:\/\/kls-neuruppin.de\/wordpress\/wp-json\/wp\/v2\/types\/page"}],"author":[{"embeddable":true,"href":"https:\/\/kls-neuruppin.de\/wordpress\/wp-json\/wp\/v2\/users\/1"}],"replies":[{"embeddable":true,"href":"https:\/\/kls-neuruppin.de\/wordpress\/wp-json\/wp\/v2\/comments?post=25"}],"version-history":[{"count":944,"href":"https:\/\/kls-neuruppin.de\/wordpress\/wp-json\/wp\/v2\/pages\/25\/revisions"}],"predecessor-version":[{"id":22768,"href":"https:\/\/kls-neuruppin.de\/wordpress\/wp-json\/wp\/v2\/pages\/25\/revisions\/22768"}],"wp:attachment":[{"href":"https:\/\/kls-neuruppin.de\/wordpress\/wp-json\/wp\/v2\/media?parent=25"}],"curies":[{"name":"wp","href":"https:\/\/api.w.org\/{rel}","templated":true}]}}