{"id":291,"date":"2017-08-17T12:08:42","date_gmt":"2017-08-17T10:08:42","guid":{"rendered":"http:\/\/kls-neuruppin.de.w0170a7f.kasserver.com\/wordpress\/?page_id=291"},"modified":"2024-07-18T08:34:55","modified_gmt":"2024-07-18T06:34:55","slug":"vertretungsplan","status":"publish","type":"page","link":"https:\/\/kls-neuruppin.de\/wordpress\/vertretungsplan\/","title":{"rendered":"Vertretungsplan"},"content":{"rendered":"<p><strong>Hinweis:<\/strong> Seit dem Schuljahr 2022\/2023 wird der Stundenplan nicht mehr als pdf-Datei hochgeladen. Alle Sch\u00fclerinnen und Sch\u00fcler erhalten zu Beginn des jeweiligen Schuljahres ihre Zugangsdaten f\u00fcr Webuntis (Seite 12 im Hausaufgabenheft). Dort sind dann der f\u00fcr die Klasse geltende Stundenplan sowie etwaige anfallende Vertretungen enthalten.<\/p>\n<p><a href=\"https:\/\/herakles.webuntis.com\/WebUntis\/?school=Karl-Liebknecht-GS#\/basic\/login\">..:: zu Webuntis ::..<\/a><\/p>\n<p>Ebenso k\u00f6nnen die Sch\u00fclerinnen und Sch\u00fcler auch die entsprechende App herunterladen. Die Zugangsdaten bleiben identisch.<\/p>\n","protected":false},"excerpt":{"rendered":"<p>Hinweis: Seit dem Schuljahr 2022\/2023 wird der Stundenplan nicht mehr als pdf-Datei hochgeladen. Alle Sch\u00fclerinnen und Sch\u00fcler erhalten zu Beginn des jeweiligen Schuljahres ihre Zugangsdaten f\u00fcr Webuntis (Seite 12 im Hausaufgabenheft). Dort sind dann der f\u00fcr die Klasse geltende Stundenplan sowie etwaige anfallende Vertretungen enthalten. ..:: zu Webuntis ::.. Ebenso k\u00f6nnen die Sch\u00fclerinnen und Sch\u00fcler [&hellip;]<\/p>\n","protected":false},"author":1,"featured_media":0,"parent":0,"menu_order":0,"comment_status":"closed","ping_status":"closed","template":"","meta":{"ngg_post_thumbnail":0,"footnotes":""},"class_list":["post-291","page","type-page","status-publish","hentry"],"_links":{"self":[{"href":"https:\/\/kls-neuruppin.de\/wordpress\/wp-json\/wp\/v2\/pages\/291","targetHints":{"allow":["GET"]}}],"collection":[{"href":"https:\/\/kls-neuruppin.de\/wordpress\/wp-json\/wp\/v2\/pages"}],"about":[{"href":"https:\/\/kls-neuruppin.de\/wordpress\/wp-json\/wp\/v2\/types\/page"}],"author":[{"embeddable":true,"href":"https:\/\/kls-neuruppin.de\/wordpress\/wp-json\/wp\/v2\/users\/1"}],"replies":[{"embeddable":true,"href":"https:\/\/kls-neuruppin.de\/wordpress\/wp-json\/wp\/v2\/comments?post=291"}],"version-history":[{"count":1510,"href":"https:\/\/kls-neuruppin.de\/wordpress\/wp-json\/wp\/v2\/pages\/291\/revisions"}],"predecessor-version":[{"id":20156,"href":"https:\/\/kls-neuruppin.de\/wordpress\/wp-json\/wp\/v2\/pages\/291\/revisions\/20156"}],"wp:attachment":[{"href":"https:\/\/kls-neuruppin.de\/wordpress\/wp-json\/wp\/v2\/media?parent=291"}],"curies":[{"name":"wp","href":"https:\/\/api.w.org\/{rel}","templated":true}]}}