{"id":932,"date":"2017-10-10T20:07:44","date_gmt":"2017-10-10T18:07:44","guid":{"rendered":"http:\/\/kls-neuruppin.de\/wordpress\/?page_id=932"},"modified":"2025-09-16T10:14:36","modified_gmt":"2025-09-16T08:14:36","slug":"gremien","status":"publish","type":"page","link":"https:\/\/kls-neuruppin.de\/wordpress\/gremien\/","title":{"rendered":"Gremien"},"content":{"rendered":"<p><strong>Mitglieder der Schulkonferenz im Schuljahr 2025\/2026<\/strong><\/p>\n<p><strong>Lehrer:<\/strong><\/p>\n<ul>\n<li style=\"list-style-type: none;\">\n<ul>\n<li style=\"list-style-type: none;\">\n<ul>\n<li>Mathias J\u00e4kel<\/li>\n<li>Mareike G\u00f6rn<\/li>\n<li>Laura Lemm<\/li>\n<li>Gavin Taylor<\/li>\n<li>Gabriele Neumann<\/li>\n<\/ul>\n<\/li>\n<\/ul>\n<\/li>\n<\/ul>\n<p><strong>Sch\u00fcler:<\/strong><\/p>\n<ul>\n<li style=\"list-style-type: none;\">\n<ul>\n<li style=\"list-style-type: none;\">\n<ul>\n<li>Lotta J\u00e4kel<\/li>\n<li>Polly Oschim<\/li>\n<li>Marc Wegener<\/li>\n<li>Stella Dubbert<\/li>\n<li>Lena Bielcke<\/li>\n<\/ul>\n<\/li>\n<\/ul>\n<\/li>\n<\/ul>\n<p><strong>Eltern:<\/strong><\/p>\n<ul>\n<li style=\"list-style-type: none;\">\n<ul>\n<li style=\"list-style-type: none;\">\n<ul>\n<li>&#8230;<\/li>\n<li>&#8230;<\/li>\n<li>&#8230;<\/li>\n<li>&#8230;<\/li>\n<li>&#8230;<\/li>\n<\/ul>\n<\/li>\n<\/ul>\n<\/li>\n<\/ul>\n<p><strong>Sch\u00fclersprecher:<\/strong><\/p>\n<ul>\n<li style=\"list-style-type: none;\">\n<ul>\n<li style=\"list-style-type: none;\">\n<ul>\n<li>Lotta J\u00e4kel<\/li>\n<li>Polly Oschim<\/li>\n<li>Marc Wegener<\/li>\n<li>Lena Bielcke<\/li>\n<\/ul>\n<\/li>\n<\/ul>\n<\/li>\n<\/ul>\n<p><strong>Kreiselternrat:<\/strong><\/p>\n<ul>\n<li style=\"list-style-type: none;\">\n<ul>\n<li style=\"list-style-type: none;\">\n<ul>\n<li>&#8230;<\/li>\n<\/ul>\n<\/li>\n<\/ul>\n<\/li>\n<\/ul>\n","protected":false},"excerpt":{"rendered":"<p>Mitglieder der Schulkonferenz im Schuljahr 2025\/2026 Lehrer: Mathias J\u00e4kel Mareike G\u00f6rn Laura Lemm Gavin Taylor Gabriele Neumann Sch\u00fcler: Lotta J\u00e4kel Polly Oschim Marc Wegener Stella Dubbert Lena Bielcke Eltern: &#8230; &#8230; &#8230; &#8230; &#8230; Sch\u00fclersprecher: Lotta J\u00e4kel Polly Oschim Marc Wegener Lena Bielcke Kreiselternrat: &#8230;<\/p>\n","protected":false},"author":1,"featured_media":0,"parent":0,"menu_order":0,"comment_status":"closed","ping_status":"closed","template":"","meta":{"ngg_post_thumbnail":0,"footnotes":""},"class_list":["post-932","page","type-page","status-publish","hentry"],"_links":{"self":[{"href":"https:\/\/kls-neuruppin.de\/wordpress\/wp-json\/wp\/v2\/pages\/932","targetHints":{"allow":["GET"]}}],"collection":[{"href":"https:\/\/kls-neuruppin.de\/wordpress\/wp-json\/wp\/v2\/pages"}],"about":[{"href":"https:\/\/kls-neuruppin.de\/wordpress\/wp-json\/wp\/v2\/types\/page"}],"author":[{"embeddable":true,"href":"https:\/\/kls-neuruppin.de\/wordpress\/wp-json\/wp\/v2\/users\/1"}],"replies":[{"embeddable":true,"href":"https:\/\/kls-neuruppin.de\/wordpress\/wp-json\/wp\/v2\/comments?post=932"}],"version-history":[{"count":14,"href":"https:\/\/kls-neuruppin.de\/wordpress\/wp-json\/wp\/v2\/pages\/932\/revisions"}],"predecessor-version":[{"id":21892,"href":"https:\/\/kls-neuruppin.de\/wordpress\/wp-json\/wp\/v2\/pages\/932\/revisions\/21892"}],"wp:attachment":[{"href":"https:\/\/kls-neuruppin.de\/wordpress\/wp-json\/wp\/v2\/media?parent=932"}],"curies":[{"name":"wp","href":"https:\/\/api.w.org\/{rel}","templated":true}]}}